{"id":1804,"date":"2024-04-08T13:53:13","date_gmt":"2024-04-08T13:53:13","guid":{"rendered":"https:\/\/www.bcestratcomm.hu\/csekk\/?page_id=1804"},"modified":"2024-04-08T13:53:13","modified_gmt":"2024-04-08T13:53:13","slug":"impresszum","status":"publish","type":"page","link":"https:\/\/www.bcestratcomm.hu\/csekk\/impresszum\/","title":{"rendered":"Impresszum"},"content":{"rendered":"<h1><strong>Impresszum<\/strong><\/h1>\n<h2><\/h2>\n<h2><strong>C\u00e9gadatok<\/strong><\/h2>\n<p>R\u00f6vid n\u00e9v: M-Bert Kft.<\/p>\n<p>Teljes n\u00e9v: M-Bert Szolg\u00e1ltat\u00f3 Korl\u00e1tolt Felel\u0151ss\u00e9g\u0171 T\u00e1rsas\u00e1g<\/p>\n<p>Ad\u00f3sz\u00e1m: 12828009-2-42<\/p>\n<p>C\u00e9gjegyz\u00e9ksz\u00e1m: 01-09-705389<\/p>\n<p>C\u00e9gbejegyz\u00e9st v\u00e9gz\u0151 B\u00edr\u00f3s\u00e1g: F\u0151v\u00e1rosi T\u00f6rv\u00e9nysz\u00e9k C\u00e9gb\u00edr\u00f3s\u00e1ga<\/p>\n<p>Sz\u00e9khely: 1089 Budapest, Orczy \u00fat 12.<\/p>\n<p>E-mail c\u00edm: ajanlat@mbert.hu<\/p>\n<p>&nbsp;<\/p>\n<h2><strong>T\u00e1rhelyszolg\u00e1ltat\u00f3:<\/strong><\/h2>\n<p>C\u00e9gn\u00e9v: MAXER Hosting Kft.<\/p>\n<p>Ad\u00f3sz\u00e1m: 13670452-2-08<\/p>\n<p>C\u00e9gjegyz\u00e9ksz\u00e1m: 08-09-013763<\/p>\n<p>Tel.: +3612579913<\/p>\n<p>email: info@maxer.hu<\/p>\n<p>&nbsp;<\/p>\n<p>&nbsp;<\/p>\n","protected":false},"excerpt":{"rendered":"<p>Impresszum C\u00e9gadatok R\u00f6vid n\u00e9v: M-Bert Kft. Teljes n\u00e9v: M-Bert Szolg\u00e1ltat\u00f3 Korl\u00e1tolt Felel\u0151ss\u00e9g\u0171 T\u00e1rsas\u00e1g Ad\u00f3sz\u00e1m: 12828009-2-42 C\u00e9gjegyz\u00e9ksz\u00e1m: 01-09-705389 C\u00e9gbejegyz\u00e9st v\u00e9gz\u0151 B\u00edr\u00f3s\u00e1g: F\u0151v\u00e1rosi T\u00f6rv\u00e9nysz\u00e9k C\u00e9gb\u00edr\u00f3s\u00e1ga Sz\u00e9khely: 1089 Budapest, Orczy \u00fat 12. E-mail c\u00edm: ajanlat@mbert.hu &nbsp; T\u00e1rhelyszolg\u00e1ltat\u00f3: C\u00e9gn\u00e9v: MAXER Hosting Kft. Ad\u00f3sz\u00e1m: 13670452-2-08 C\u00e9gjegyz\u00e9ksz\u00e1m: 08-09-013763 Tel.: +3612579913 email: info@maxer.hu &nbsp; &nbsp;<\/p>\n","protected":false},"author":1,"featured_media":0,"parent":0,"menu_order":0,"comment_status":"closed","ping_status":"closed","template":"","meta":{"site-sidebar-layout":"default","site-content-layout":"","ast-site-content-layout":"default","site-content-style":"default","site-sidebar-style":"default","ast-global-header-display":"","ast-banner-title-visibility":"","ast-main-header-display":"","ast-hfb-above-header-display":"","ast-hfb-below-header-display":"","ast-hfb-mobile-header-display":"","site-post-title":"disabled","ast-breadcrumbs-content":"","ast-featured-img":"","footer-sml-layout":"","theme-transparent-header-meta":"default","adv-header-id-meta":"","stick-header-meta":"","header-above-stick-meta":"","header-main-stick-meta":"","header-below-stick-meta":"","astra-migrate-meta-layouts":"set","ast-page-background-enabled":"default","ast-page-background-meta":{"desktop":{"background-color":"","background-image":"","background-repeat":"repeat","background-position":"center center","background-size":"auto","background-attachment":"scroll","background-type":"","background-media":"","overlay-type":"","overlay-color":"","overlay-opacity":"","overlay-gradient":""},"tablet":{"background-color":"","background-image":"","background-repeat":"repeat","background-position":"center center","background-size":"auto","background-attachment":"scroll","background-type":"","background-media":"","overlay-type":"","overlay-color":"","overlay-opacity":"","overlay-gradient":""},"mobile":{"background-color":"","background-image":"","background-repeat":"repeat","background-position":"center center","background-size":"auto","background-attachment":"scroll","background-type":"","background-media":"","overlay-type":"","overlay-color":"","overlay-opacity":"","overlay-gradient":""}},"ast-content-background-meta":{"desktop":{"background-color":"var(--ast-global-color-5)","background-image":"","background-repeat":"repeat","background-position":"center center","background-size":"auto","background-attachment":"scroll","background-type":"","background-media":"","overlay-type":"","overlay-color":"","overlay-opacity":"","overlay-gradient":""},"tablet":{"background-color":"var(--ast-global-color-5)","background-image":"","background-repeat":"repeat","background-position":"center center","background-size":"auto","background-attachment":"scroll","background-type":"","background-media":"","overlay-type":"","overlay-color":"","overlay-opacity":"","overlay-gradient":""},"mobile":{"background-color":"var(--ast-global-color-5)","background-image":"","background-repeat":"repeat","background-position":"center center","background-size":"auto","background-attachment":"scroll","background-type":"","background-media":"","overlay-type":"","overlay-color":"","overlay-opacity":"","overlay-gradient":""}},"footnotes":""},"class_list":["post-1804","page","type-page","status-publish","hentry"],"_links":{"self":[{"href":"https:\/\/www.bcestratcomm.hu\/csekk\/wp-json\/wp\/v2\/pages\/1804","targetHints":{"allow":["GET"]}}],"collection":[{"href":"https:\/\/www.bcestratcomm.hu\/csekk\/wp-json\/wp\/v2\/pages"}],"about":[{"href":"https:\/\/www.bcestratcomm.hu\/csekk\/wp-json\/wp\/v2\/types\/page"}],"author":[{"embeddable":true,"href":"https:\/\/www.bcestratcomm.hu\/csekk\/wp-json\/wp\/v2\/users\/1"}],"replies":[{"embeddable":true,"href":"https:\/\/www.bcestratcomm.hu\/csekk\/wp-json\/wp\/v2\/comments?post=1804"}],"version-history":[{"count":1,"href":"https:\/\/www.bcestratcomm.hu\/csekk\/wp-json\/wp\/v2\/pages\/1804\/revisions"}],"predecessor-version":[{"id":1805,"href":"https:\/\/www.bcestratcomm.hu\/csekk\/wp-json\/wp\/v2\/pages\/1804\/revisions\/1805"}],"wp:attachment":[{"href":"https:\/\/www.bcestratcomm.hu\/csekk\/wp-json\/wp\/v2\/media?parent=1804"}],"curies":[{"name":"wp","href":"https:\/\/api.w.org\/{rel}","templated":true}]}}